{"id":4013,"date":"2018-01-12T15:27:43","date_gmt":"2018-01-12T20:27:43","guid":{"rendered":"http:\/\/asulf.ca\/?page_id=4013"},"modified":"2025-07-21T21:18:55","modified_gmt":"2025-07-22T01:18:55","slug":"liens-utiles-2","status":"publish","type":"page","link":"https:\/\/asulf.org\/?page_id=4013","title":{"rendered":"Liens utiles"},"content":{"rendered":"\n<p><a aria-label=\"Acad\u00e9mie fran\u00e7aise (s\u2019ouvre dans un nouvel onglet)\" href=\"http:\/\/www.academie-francaise.fr\/\" target=\"_blank\" rel=\"noreferrer noopener\">Acad\u00e9mie fran\u00e7aise<\/a> (voir l\u2019onglet&nbsp;: Dire, ne pas dire)<\/p>\n\n\n\n<p><a href=\"http:\/\/Linguatechediteur.com\/auplaisirdesmots\" target=\"_blank\" rel=\"noreferrer noopener\">Au plaisir des mots<\/a> (Robert Dubuc)<\/p>\n\n\n\n<p><a href=\"https:\/\/catfran.flsh.usherbrooke.ca\/chroque\/\" target=\"_blank\" rel=\"noreferrer noopener\">Base de donn\u00e9es textuelles de chroniques qu\u00e9b\u00e9coises de langage<\/a><\/p>\n\n\n\n<p><a href=\"http:\/\/www.cilf.fr\/collection-Contes-21-titre-ASC-1-1.html&amp;p=3\" target=\"_blank\" rel=\"noreferrer noopener\">CILF &#8211; Conseil international de la langue fran\u00e7aise<\/a><\/p>\n\n\n\n<p><a href=\"https:\/\/www.dictionnairedesfrancophones.org\/\" target=\"_blank\" rel=\"noreferrer noopener\">DDF<\/a> \/ dictionnaire collaboratif de la Francophonie<\/p>\n\n\n\n<p><a href=\"http:\/\/www.expressio.fr\" target=\"_blank\" rel=\"noreferrer noopener\">Dictionnaire des expressions fran\u00e7aises<\/a><\/p>\n\n\n\n<p><a href=\"http:\/\/larousse.fr\/\" target=\"_blank\" rel=\"noreferrer noopener\">Dictionnaire Larousse<\/a><\/p>\n\n\n\n<p><a href=\"https:\/\/fondationlanguefrancaise.org\/cat\/bulles-linguistiques\/\" target=\"_blank\" rel=\"noreferrer noopener\">Fondation pour la langue fran\u00e7aise \/ Bulles linguistiques&nbsp;<\/a><\/p>\n\n\n\n<p><a rel=\"noreferrer noopener\" href=\"http:\/\/atilf.atilf.fr\/tlf.htm\" target=\"_blank\">Tr\u00e9sor de la langue fran\u00e7aise informatis\u00e9<\/a><\/p>\n\n\n\n<p><a aria-label=\"Le fran\u00e7ais au micro  (s\u2019ouvre dans un nouvel onglet)\" href=\"http:\/\/linguistique.radio-canada.ca\/category\/le-francais-au-micro\/\" target=\"_blank\" rel=\"noreferrer noopener\">Le fran\u00e7ais au micro <\/a>\/ Radio-Canada<\/p>\n\n\n\n<p><a href=\"https:\/\/francaisenaffaires.com\/\" target=\"_blank\" rel=\"noreferrer noopener\">Le fran\u00e7ais en affaires<\/a><\/p>\n\n\n\n<p><a href=\"https:\/\/lemorisset.com\" target=\"_blank\" rel=\"noreferrer noopener\">Le Morisset \/ mots et expressions<\/a><\/p>\n\n\n\n<p><a href=\"http:\/\/expressio.fr\" target=\"_blank\" rel=\"noreferrer noopener\">Les Expressions fran\u00e7aises d\u00e9cortiqu\u00e9es<\/a> \/ Expressio.fr<\/p>\n\n\n\n<p>France : <a href=\"https:\/\/www.cnrtl.fr\/portailindex\/LEXI\/TLFI\/P\/240\" target=\"_blank\" rel=\"noreferrer noopener\">Centre national des ressources textuelles et lexicales<\/a><\/p>\n\n\n\n<p><a href=\"https:\/\/www.magazinelenenuphar.com\/chroniques-langue-francaise\">Magazine Le N\u00e9nupha<\/a><a href=\"https:\/\/www.magazinelenenuphar.com\/chroniques-langue-francaise\" target=\"_blank\" rel=\"noreferrer noopener\">r<\/a> : magazine francophone en ligne au Manitoba<\/p>\n\n\n\n<p><a href=\"https:\/\/www.un.org\/fr\/observances\/french-language-day\/sayitinfrench\">Nations Unies \/ Dites-le en fran\u00e7ai<\/a><a href=\"https:\/\/www.un.org\/fr\/observances\/french-language-day\/sayitinfrench\" target=\"_blank\" rel=\"noreferrer noopener\">s<\/a> : [400] anglicismes<\/p>\n\n\n\n<p>Les Larousse de 1905 \u00e0 maintenant; \u00e9volution des mots au cours des \u00e9ditions<\/p>\n\n\n\n<p><a aria-label=\"Observations grammaticales et terminologiques (s\u2019ouvre dans un nouvel onglet)\" rel=\"noreferrer noopener\" href=\"http:\/\/www.cce.umontreal.ca\/capsules\/index.htm\" target=\"_blank\">Observations grammaticales et terminologiques<\/a> \/ Universit\u00e9 de Montr\u00e9al<\/p>\n\n\n\n<p><a href=\"http:\/www.parmotsetparvaux.fr\" target=\"_blank\" rel=\"noreferrer noopener\">Par mots et par vaux<\/a> \/ Site de Bruno Dewaele. On dit que le site contient 15 000 entr\u00e9es.&nbsp;&nbsp; <\/p>\n\n\n\n<p><a aria-label=\"Parler fran\u00e7ais (s\u2019ouvre dans un nouvel onglet)\" rel=\"noreferrer noopener\" href=\"http:\/\/parler-francais.eklablog.com\/\" target=\"_blank\">Parler fran\u00e7ais<\/a>&nbsp;<\/p>\n\n\n\n<p><a href=\"https:\/\/projetrafales.quebec\/\" target=\"_blank\" rel=\"noreferrer noopener\">Projet RAFales<\/a>. Outil de d\u00e9pannage linguistique.<\/p>\n\n\n\n<p><a href=\"http:\/\/terminologie.fr\/index.php?option=com_content&amp;view=category&amp;id=31%3Adictionnaires-usuels-utiles-en-terminologie&amp;layout=blog&amp;Itemid=3\" target=\"_blank\" rel=\"noreferrer noopener\">Soci\u00e9t\u00e9 fran\u00e7aise de terminologie<\/a><\/p>\n\n\n\n<p><a aria-label=\"Termium (s\u2019ouvre dans un nouvel onglet)\" href=\"https:\/\/www.btb.termiumplus.gc.ca\/tpv2alpha\/alpha-fra.html?lang=fra\" target=\"_blank\" rel=\"noreferrer noopener\">Termium<\/a> \/ \u00c9tat f\u00e9d\u00e9ral canadien<\/p>\n\n\n\n<p><a href=\"https:\/\/langue-francaise.tv5monde.com\/?utm_source=tv5monde&amp;utm_medium=metanav&amp;utm_campaign=langue-francaise\" target=\"_blank\" rel=\"noreferrer noopener\">TV5 Monde<\/a><\/p>\n\n\n\n<p><a href=\"https:\/\/usito.usherbrooke.ca\/\" target=\"_blank\" rel=\"noreferrer noopener\">Usito<\/a><\/p>\n\n\n\n<p><a href=\"https:\/\/vitrinelinguistique.oqlf.gouv.qc.ca\/\" target=\"_blank\" rel=\"noreferrer noopener\">Vitrine linguistique de l&rsquo;Office qu\u00e9b\u00e9cois de la langue fran\u00e7aise <\/a><\/p>\n\n\n\n<p><a aria-label=\"Vocanet (s\u2019ouvre dans un nouvel onglet)\" href=\"http:\/\/vocanet.fr\/\" target=\"_blank\" rel=\"noreferrer noopener\">Vocanet<\/a><\/p>\n\n\n\n<p><a aria-label=\"WordHippo (s\u2019ouvre dans un nouvel onglet)\" href=\"https:\/\/fr.wordhippo.com\/\" target=\"_blank\" rel=\"noreferrer noopener\">WordHippo<\/a> (synonymes, antonymes, traductions&#8230;)<\/p>\n\n\n\n<p><a href=\"https:\/\/etatslangue.wordpress.com\/\" target=\"_blank\" rel=\"noreferrer noopener\">Blogue : Anonyme. \u00c9tat de langue; le fran\u00e7ais dans tous ses \u00e9tats<\/a> <\/p>\n\n\n\n<p><a href=\"https:\/\/lefrancaisquebecoisauquotidien.blogspot.com\/\" target=\"_blank\" rel=\"noreferrer noopener\">Blogue : Gaston Bernier<\/a> (Le fran\u00e7ais qu\u00e9b\u00e9cois au quotidien) <\/p>\n\n\n\n<p>Blogue: Steve Bergeron <a href=\"https:\/\/seancedorthographe.ca\/\" target=\"_blank\" rel=\"noreferrer noopener\">(S\u00e9ance d&rsquo;orthographe)<\/a><\/p>\n\n\n\n<p><a aria-label=\"Blogue&nbsp;: Jacques Maurais (s\u2019ouvre dans un nouvel onglet)\" href=\"http:\/\/linguistiquement-correct.blogspot.com\/\" target=\"_blank\" rel=\"noreferrer noopener\">Blogue&nbsp;: Jacques Maurais<\/a> (Linguistiquement correct)<\/p>\n\n\n\n<p><a aria-label=\"Blogue&nbsp;: Lionel Meney (s\u2019ouvre dans un nouvel onglet)\" href=\"https:\/\/carnetdunlinguiste.blogspot.com\/\" target=\"_blank\" rel=\"noreferrer noopener\">Blogue&nbsp;: Lionel Meney<\/a> (Carnet d\u2019un linguiste)<\/p>\n\n\n\n<p><a aria-label=\"Blogue&nbsp;: Andr\u00e9 Racicot (s\u2019ouvre dans un nouvel onglet)\" href=\"https:\/\/andreracicot.ca\/\" target=\"_blank\" rel=\"noreferrer noopener\">Blogue&nbsp;: Andr\u00e9 Racicot<\/a> (Au c\u0153ur du fran\u00e7ais)<\/p>\n\n\n\n<p><\/p>\n","protected":false},"excerpt":{"rendered":"<p>Acad\u00e9mie fran\u00e7aise (voir l\u2019onglet&nbsp;: Dire, ne pas dire) Au plaisir des mots (Robert Dubuc) Base de donn\u00e9es textuelles de chroniques qu\u00e9b\u00e9coises de langage CILF &#8211; Conseil international de la langue fran\u00e7aise DDF \/ dictionnaire collaboratif de la Francophonie Dictionnaire des expressions fran\u00e7aises Dictionnaire Larousse Fondation pour la langue fran\u00e7aise \/ Bulles linguistiques&nbsp; Tr\u00e9sor de la&#8230;<\/p>\n","protected":false},"author":11,"featured_media":0,"parent":0,"menu_order":0,"comment_status":"closed","ping_status":"closed","template":"","meta":{"footnotes":""},"class_list":["post-4013","page","type-page","status-publish","hentry"],"yoast_head":"<!-- This site is optimized with the Yoast SEO plugin v27.5 - https:\/\/yoast.com\/product\/yoast-seo-wordpress\/ -->\n<title>Liens utiles -<\/title>\n<meta name=\"robots\" content=\"index, follow, max-snippet:-1, max-image-preview:large, max-video-preview:-1\" \/>\n<link rel=\"canonical\" href=\"https:\/\/asulf.org\/liens-utiles-2\/\" \/>\n<meta property=\"og:locale\" content=\"fr_FR\" \/>\n<meta property=\"og:type\" content=\"article\" \/>\n<meta property=\"og:title\" content=\"Liens utiles -\" \/>\n<meta property=\"og:description\" content=\"Acad\u00e9mie fran\u00e7aise (voir l\u2019onglet&nbsp;: Dire, ne pas dire) Au plaisir des mots (Robert Dubuc) Base de donn\u00e9es textuelles de chroniques qu\u00e9b\u00e9coises de langage CILF &#8211; Conseil international de la langue fran\u00e7aise DDF \/ dictionnaire collaboratif de la Francophonie Dictionnaire des expressions fran\u00e7aises Dictionnaire Larousse Fondation pour la langue fran\u00e7aise \/ Bulles linguistiques&nbsp; Tr\u00e9sor de la...\" \/>\n<meta property=\"og:url\" content=\"https:\/\/asulf.org\/liens-utiles-2\/\" \/>\n<meta property=\"article:publisher\" content=\"https:\/\/www.facebook.com\/Association-pour-le-soutien-et-lusage-de-la-langue-fran%c3%a7aise-ASULF-1702235186671805\" \/>\n<meta property=\"article:modified_time\" content=\"2025-07-22T01:18:55+00:00\" \/>\n<meta name=\"twitter:card\" content=\"summary_large_image\" \/>\n<meta name=\"twitter:label1\" content=\"Dur\u00e9e de lecture estim\u00e9e\" \/>\n\t<meta name=\"twitter:data1\" content=\"2 minutes\" \/>\n<script type=\"application\/ld+json\" class=\"yoast-schema-graph\">{\"@context\":\"https:\\\/\\\/schema.org\",\"@graph\":[{\"@type\":\"WebPage\",\"@id\":\"https:\\\/\\\/asulf.org\\\/liens-utiles-2\\\/\",\"url\":\"https:\\\/\\\/asulf.org\\\/liens-utiles-2\\\/\",\"name\":\"Liens utiles -\",\"isPartOf\":{\"@id\":\"https:\\\/\\\/asulf.org\\\/#website\"},\"datePublished\":\"2018-01-12T20:27:43+00:00\",\"dateModified\":\"2025-07-22T01:18:55+00:00\",\"breadcrumb\":{\"@id\":\"https:\\\/\\\/asulf.org\\\/liens-utiles-2\\\/#breadcrumb\"},\"inLanguage\":\"fr-FR\",\"potentialAction\":[{\"@type\":\"ReadAction\",\"target\":[\"https:\\\/\\\/asulf.org\\\/liens-utiles-2\\\/\"]}]},{\"@type\":\"BreadcrumbList\",\"@id\":\"https:\\\/\\\/asulf.org\\\/liens-utiles-2\\\/#breadcrumb\",\"itemListElement\":[{\"@type\":\"ListItem\",\"position\":1,\"name\":\"Accueil\",\"item\":\"https:\\\/\\\/asulf.org\\\/\"},{\"@type\":\"ListItem\",\"position\":2,\"name\":\"Liens utiles\"}]},{\"@type\":\"WebSite\",\"@id\":\"https:\\\/\\\/asulf.org\\\/#website\",\"url\":\"https:\\\/\\\/asulf.org\\\/\",\"name\":\"\",\"description\":\"Association pour le soutien et l\u2019usage de la langue fran\u00e7aise\",\"publisher\":{\"@id\":\"https:\\\/\\\/asulf.org\\\/#organization\"},\"potentialAction\":[{\"@type\":\"SearchAction\",\"target\":{\"@type\":\"EntryPoint\",\"urlTemplate\":\"https:\\\/\\\/asulf.org\\\/?s={search_term_string}\"},\"query-input\":{\"@type\":\"PropertyValueSpecification\",\"valueRequired\":true,\"valueName\":\"search_term_string\"}}],\"inLanguage\":\"fr-FR\"},{\"@type\":\"Organization\",\"@id\":\"https:\\\/\\\/asulf.org\\\/#organization\",\"name\":\"ASULF\",\"url\":\"https:\\\/\\\/asulf.org\\\/\",\"logo\":{\"@type\":\"ImageObject\",\"inLanguage\":\"fr-FR\",\"@id\":\"https:\\\/\\\/asulf.org\\\/#\\\/schema\\\/logo\\\/image\\\/\",\"url\":\"https:\\\/\\\/asulf.org\\\/wp-content\\\/uploads\\\/2021\\\/03\\\/cropped-asulf-logo-png-2.png\",\"contentUrl\":\"https:\\\/\\\/asulf.org\\\/wp-content\\\/uploads\\\/2021\\\/03\\\/cropped-asulf-logo-png-2.png\",\"width\":2068,\"height\":1086,\"caption\":\"ASULF\"},\"image\":{\"@id\":\"https:\\\/\\\/asulf.org\\\/#\\\/schema\\\/logo\\\/image\\\/\"},\"sameAs\":[\"https:\\\/\\\/www.facebook.com\\\/Association-pour-le-soutien-et-lusage-de-la-langue-fran\u00e7aise-ASULF-1702235186671805\"]}]}<\/script>\n<!-- \/ Yoast SEO plugin. -->","yoast_head_json":{"title":"Liens utiles -","robots":{"index":"index","follow":"follow","max-snippet":"max-snippet:-1","max-image-preview":"max-image-preview:large","max-video-preview":"max-video-preview:-1"},"canonical":"https:\/\/asulf.org\/liens-utiles-2\/","og_locale":"fr_FR","og_type":"article","og_title":"Liens utiles -","og_description":"Acad\u00e9mie fran\u00e7aise (voir l\u2019onglet&nbsp;: Dire, ne pas dire) Au plaisir des mots (Robert Dubuc) Base de donn\u00e9es textuelles de chroniques qu\u00e9b\u00e9coises de langage CILF &#8211; Conseil international de la langue fran\u00e7aise DDF \/ dictionnaire collaboratif de la Francophonie Dictionnaire des expressions fran\u00e7aises Dictionnaire Larousse Fondation pour la langue fran\u00e7aise \/ Bulles linguistiques&nbsp; Tr\u00e9sor de la...","og_url":"https:\/\/asulf.org\/liens-utiles-2\/","article_publisher":"https:\/\/www.facebook.com\/Association-pour-le-soutien-et-lusage-de-la-langue-fran%c3%a7aise-ASULF-1702235186671805","article_modified_time":"2025-07-22T01:18:55+00:00","twitter_card":"summary_large_image","twitter_misc":{"Dur\u00e9e de lecture estim\u00e9e":"2 minutes"},"schema":{"@context":"https:\/\/schema.org","@graph":[{"@type":"WebPage","@id":"https:\/\/asulf.org\/liens-utiles-2\/","url":"https:\/\/asulf.org\/liens-utiles-2\/","name":"Liens utiles -","isPartOf":{"@id":"https:\/\/asulf.org\/#website"},"datePublished":"2018-01-12T20:27:43+00:00","dateModified":"2025-07-22T01:18:55+00:00","breadcrumb":{"@id":"https:\/\/asulf.org\/liens-utiles-2\/#breadcrumb"},"inLanguage":"fr-FR","potentialAction":[{"@type":"ReadAction","target":["https:\/\/asulf.org\/liens-utiles-2\/"]}]},{"@type":"BreadcrumbList","@id":"https:\/\/asulf.org\/liens-utiles-2\/#breadcrumb","itemListElement":[{"@type":"ListItem","position":1,"name":"Accueil","item":"https:\/\/asulf.org\/"},{"@type":"ListItem","position":2,"name":"Liens utiles"}]},{"@type":"WebSite","@id":"https:\/\/asulf.org\/#website","url":"https:\/\/asulf.org\/","name":"","description":"Association pour le soutien et l\u2019usage de la langue fran\u00e7aise","publisher":{"@id":"https:\/\/asulf.org\/#organization"},"potentialAction":[{"@type":"SearchAction","target":{"@type":"EntryPoint","urlTemplate":"https:\/\/asulf.org\/?s={search_term_string}"},"query-input":{"@type":"PropertyValueSpecification","valueRequired":true,"valueName":"search_term_string"}}],"inLanguage":"fr-FR"},{"@type":"Organization","@id":"https:\/\/asulf.org\/#organization","name":"ASULF","url":"https:\/\/asulf.org\/","logo":{"@type":"ImageObject","inLanguage":"fr-FR","@id":"https:\/\/asulf.org\/#\/schema\/logo\/image\/","url":"https:\/\/asulf.org\/wp-content\/uploads\/2021\/03\/cropped-asulf-logo-png-2.png","contentUrl":"https:\/\/asulf.org\/wp-content\/uploads\/2021\/03\/cropped-asulf-logo-png-2.png","width":2068,"height":1086,"caption":"ASULF"},"image":{"@id":"https:\/\/asulf.org\/#\/schema\/logo\/image\/"},"sameAs":["https:\/\/www.facebook.com\/Association-pour-le-soutien-et-lusage-de-la-langue-fran\u00e7aise-ASULF-1702235186671805"]}]}},"_links":{"self":[{"href":"https:\/\/asulf.org\/index.php?rest_route=\/wp\/v2\/pages\/4013","targetHints":{"allow":["GET"]}}],"collection":[{"href":"https:\/\/asulf.org\/index.php?rest_route=\/wp\/v2\/pages"}],"about":[{"href":"https:\/\/asulf.org\/index.php?rest_route=\/wp\/v2\/types\/page"}],"author":[{"embeddable":true,"href":"https:\/\/asulf.org\/index.php?rest_route=\/wp\/v2\/users\/11"}],"replies":[{"embeddable":true,"href":"https:\/\/asulf.org\/index.php?rest_route=%2Fwp%2Fv2%2Fcomments&post=4013"}],"version-history":[{"count":122,"href":"https:\/\/asulf.org\/index.php?rest_route=\/wp\/v2\/pages\/4013\/revisions"}],"predecessor-version":[{"id":12385,"href":"https:\/\/asulf.org\/index.php?rest_route=\/wp\/v2\/pages\/4013\/revisions\/12385"}],"wp:attachment":[{"href":"https:\/\/asulf.org\/index.php?rest_route=%2Fwp%2Fv2%2Fmedia&parent=4013"}],"curies":[{"name":"wp","href":"https:\/\/api.w.org\/{rel}","templated":true}]}}