{"id":4641,"date":"2018-05-03T14:13:30","date_gmt":"2018-05-03T18:13:30","guid":{"rendered":"http:\/\/asulf.ca\/?page_id=4641"},"modified":"2023-06-28T18:23:24","modified_gmt":"2023-06-28T22:23:24","slug":"lenseigne-joyeuse","status":"publish","type":"page","link":"https:\/\/asulf.org\/?page_id=4641","title":{"rendered":"L&rsquo;Enseigne joyeuse"},"content":{"rendered":"<p>L\u2019Asulf invite ses membres \u00e0 participer au concours L\u2019Enseigne joyeuse \u00e0 l\u2019occasion de la Semaine de la langue fran\u00e7aise et de la francophonie en mars de chaque ann\u00e9e.<\/p>\n<p>Dans chaque ville, il y a des enseignes qui se distinguent par leur originalit\u00e9 et la qualit\u00e9 des mots choisis. L\u2019Asulf veut les faire conna\u00eetre. Nous vous invitons \u00e0 l&rsquo;occasion de ce concours \u00e0 nous faire parvenir une photo de chacune des enseignes qui vous s\u00e9duisent. Des prix sont d\u00e9cern\u00e9s annuellement aux auteurs des meilleures propositions.<\/p>\n<p><a href=\"https:\/\/asulf.org\/wp-content\/uploads\/2021\/11\/Reglements-concours-LEnseigne-joyeuse-2022.pdf\" target=\"_blank\" rel=\"noopener\"><strong>T\u00e9l\u00e9charger les r\u00e8glements du concours 2022<\/strong><\/a><\/p>\n<p>Gagnants de l&rsquo;\u00e9dition 2021<\/p>\n\n\n<figure class=\"wp-block-image size-large is-resized\"><img loading=\"lazy\" decoding=\"async\" src=\"https:\/\/asulf.org\/wp-content\/uploads\/2021\/05\/Ancre-noire-2-1030x872.jpg\" alt=\"\" class=\"wp-image-7568\" width=\"564\" height=\"477\" srcset=\"https:\/\/asulf.org\/wp-content\/uploads\/2021\/05\/Ancre-noire-2-1030x872.jpg 1030w, https:\/\/asulf.org\/wp-content\/uploads\/2021\/05\/Ancre-noire-2-300x254.jpg 300w, https:\/\/asulf.org\/wp-content\/uploads\/2021\/05\/Ancre-noire-2-768x650.jpg 768w, https:\/\/asulf.org\/wp-content\/uploads\/2021\/05\/Ancre-noire-2-1536x1300.jpg 1536w, https:\/\/asulf.org\/wp-content\/uploads\/2021\/05\/Ancre-noire-2-2048x1733.jpg 2048w\" sizes=\"auto, (max-width: 564px) 100vw, 564px\" \/><figcaption class=\"wp-element-caption\">1er prix 2021, soumis par Paul Rivard<\/figcaption><\/figure>\n\n\n\n<figure class=\"wp-block-image size-large is-resized\"><img loading=\"lazy\" decoding=\"async\" src=\"https:\/\/asulf.org\/wp-content\/uploads\/2021\/05\/Bouche-bee-2-930x1030.jpg\" alt=\"\" class=\"wp-image-7569\" width=\"564\" height=\"624\" srcset=\"https:\/\/asulf.org\/wp-content\/uploads\/2021\/05\/Bouche-bee-2-930x1030.jpg 930w, https:\/\/asulf.org\/wp-content\/uploads\/2021\/05\/Bouche-bee-2-271x300.jpg 271w, https:\/\/asulf.org\/wp-content\/uploads\/2021\/05\/Bouche-bee-2-768x851.jpg 768w, https:\/\/asulf.org\/wp-content\/uploads\/2021\/05\/Bouche-bee-2.jpg 1028w\" sizes=\"auto, (max-width: 564px) 100vw, 564px\" \/><figcaption class=\"wp-element-caption\">2e prix 2021, soumis par Normand Bernier<\/figcaption><\/figure>\n\n\n\n<figure class=\"wp-block-image size-large is-resized\"><img loading=\"lazy\" decoding=\"async\" src=\"https:\/\/asulf.org\/wp-content\/uploads\/2021\/05\/Fraichement-bon.jpg\" alt=\"\" class=\"wp-image-7570\" width=\"572\" height=\"572\" srcset=\"https:\/\/asulf.org\/wp-content\/uploads\/2021\/05\/Fraichement-bon.jpg 1000w, https:\/\/asulf.org\/wp-content\/uploads\/2021\/05\/Fraichement-bon-300x300.jpg 300w, https:\/\/asulf.org\/wp-content\/uploads\/2021\/05\/Fraichement-bon-80x80.jpg 80w, https:\/\/asulf.org\/wp-content\/uploads\/2021\/05\/Fraichement-bon-768x768.jpg 768w, https:\/\/asulf.org\/wp-content\/uploads\/2021\/05\/Fraichement-bon-250x250.jpg 250w, https:\/\/asulf.org\/wp-content\/uploads\/2021\/05\/Fraichement-bon-174x174.jpg 174w\" sizes=\"auto, (max-width: 572px) 100vw, 572px\" \/><figcaption class=\"wp-element-caption\">2e prix 2021 (ex aequo), soumis par Sophie Tremblay<\/figcaption><\/figure>\n\n\n\n<figure class=\"wp-block-image size-large is-resized\"><img loading=\"lazy\" decoding=\"async\" src=\"https:\/\/asulf.org\/wp-content\/uploads\/2021\/05\/Les-copines-cuisinent-3-1030x904.jpg\" alt=\"\" class=\"wp-image-7572\" width=\"576\" height=\"506\" srcset=\"https:\/\/asulf.org\/wp-content\/uploads\/2021\/05\/Les-copines-cuisinent-3-1030x904.jpg 1030w, https:\/\/asulf.org\/wp-content\/uploads\/2021\/05\/Les-copines-cuisinent-3-300x263.jpg 300w, https:\/\/asulf.org\/wp-content\/uploads\/2021\/05\/Les-copines-cuisinent-3-768x674.jpg 768w, https:\/\/asulf.org\/wp-content\/uploads\/2021\/05\/Les-copines-cuisinent-3-1536x1348.jpg 1536w, https:\/\/asulf.org\/wp-content\/uploads\/2021\/05\/Les-copines-cuisinent-3-2048x1798.jpg 2048w\" sizes=\"auto, (max-width: 576px) 100vw, 576px\" \/><figcaption class=\"wp-element-caption\">3e prix 2021, soumis par Paul Rivard<\/figcaption><\/figure>\n\n\n\n<p><\/p>\n","protected":false},"excerpt":{"rendered":"<p>L\u2019Asulf invite ses membres \u00e0 participer au concours L\u2019Enseigne joyeuse \u00e0 l\u2019occasion de la Semaine de la langue fran\u00e7aise et de la francophonie en mars de chaque ann\u00e9e. Dans chaque ville, il y a des enseignes qui se distinguent par leur originalit\u00e9 et la qualit\u00e9 des mots choisis. L\u2019Asulf veut les faire conna\u00eetre. Nous vous&#8230;<\/p>\n","protected":false},"author":12,"featured_media":6897,"parent":0,"menu_order":0,"comment_status":"closed","ping_status":"closed","template":"","meta":{"footnotes":""},"class_list":["post-4641","page","type-page","status-publish","has-post-thumbnail","hentry"],"yoast_head":"<!-- This site is optimized with the Yoast SEO plugin v27.5 - https:\/\/yoast.com\/product\/yoast-seo-wordpress\/ -->\n<title>L&#039;Enseigne joyeuse -<\/title>\n<meta name=\"robots\" content=\"index, follow, max-snippet:-1, max-image-preview:large, max-video-preview:-1\" \/>\n<link rel=\"canonical\" href=\"https:\/\/asulf.org\/lenseigne-joyeuse\/\" \/>\n<meta property=\"og:locale\" content=\"fr_FR\" \/>\n<meta property=\"og:type\" content=\"article\" \/>\n<meta property=\"og:title\" content=\"L&#039;Enseigne joyeuse -\" \/>\n<meta property=\"og:description\" content=\"L\u2019Asulf invite ses membres \u00e0 participer au concours L\u2019Enseigne joyeuse \u00e0 l\u2019occasion de la Semaine de la langue fran\u00e7aise et de la francophonie en mars de chaque ann\u00e9e. Dans chaque ville, il y a des enseignes qui se distinguent par leur originalit\u00e9 et la qualit\u00e9 des mots choisis. L\u2019Asulf veut les faire conna\u00eetre. Nous vous...\" \/>\n<meta property=\"og:url\" content=\"https:\/\/asulf.org\/lenseigne-joyeuse\/\" \/>\n<meta property=\"article:publisher\" content=\"https:\/\/www.facebook.com\/Association-pour-le-soutien-et-lusage-de-la-langue-fran%c3%a7aise-ASULF-1702235186671805\" \/>\n<meta property=\"article:modified_time\" content=\"2023-06-28T22:23:24+00:00\" \/>\n<meta property=\"og:image\" content=\"https:\/\/asulf.org\/wp-content\/uploads\/2020\/11\/citron-que-cest-bon-ahunst-imga.jpg\" \/>\n\t<meta property=\"og:image:width\" content=\"960\" \/>\n\t<meta property=\"og:image:height\" content=\"720\" \/>\n\t<meta property=\"og:image:type\" content=\"image\/jpeg\" \/>\n<meta name=\"twitter:card\" content=\"summary_large_image\" \/>\n<meta name=\"twitter:label1\" content=\"Dur\u00e9e de lecture estim\u00e9e\" \/>\n\t<meta name=\"twitter:data1\" content=\"2 minutes\" \/>\n<script type=\"application\/ld+json\" class=\"yoast-schema-graph\">{\"@context\":\"https:\\\/\\\/schema.org\",\"@graph\":[{\"@type\":\"WebPage\",\"@id\":\"https:\\\/\\\/asulf.org\\\/lenseigne-joyeuse\\\/\",\"url\":\"https:\\\/\\\/asulf.org\\\/lenseigne-joyeuse\\\/\",\"name\":\"L'Enseigne joyeuse -\",\"isPartOf\":{\"@id\":\"https:\\\/\\\/asulf.org\\\/#website\"},\"primaryImageOfPage\":{\"@id\":\"https:\\\/\\\/asulf.org\\\/lenseigne-joyeuse\\\/#primaryimage\"},\"image\":{\"@id\":\"https:\\\/\\\/asulf.org\\\/lenseigne-joyeuse\\\/#primaryimage\"},\"thumbnailUrl\":\"https:\\\/\\\/asulf.org\\\/wp-content\\\/uploads\\\/2020\\\/11\\\/citron-que-cest-bon-ahunst-imga.jpg\",\"datePublished\":\"2018-05-03T18:13:30+00:00\",\"dateModified\":\"2023-06-28T22:23:24+00:00\",\"breadcrumb\":{\"@id\":\"https:\\\/\\\/asulf.org\\\/lenseigne-joyeuse\\\/#breadcrumb\"},\"inLanguage\":\"fr-FR\",\"potentialAction\":[{\"@type\":\"ReadAction\",\"target\":[\"https:\\\/\\\/asulf.org\\\/lenseigne-joyeuse\\\/\"]}]},{\"@type\":\"ImageObject\",\"inLanguage\":\"fr-FR\",\"@id\":\"https:\\\/\\\/asulf.org\\\/lenseigne-joyeuse\\\/#primaryimage\",\"url\":\"https:\\\/\\\/asulf.org\\\/wp-content\\\/uploads\\\/2020\\\/11\\\/citron-que-cest-bon-ahunst-imga.jpg\",\"contentUrl\":\"https:\\\/\\\/asulf.org\\\/wp-content\\\/uploads\\\/2020\\\/11\\\/citron-que-cest-bon-ahunst-imga.jpg\",\"width\":960,\"height\":720},{\"@type\":\"BreadcrumbList\",\"@id\":\"https:\\\/\\\/asulf.org\\\/lenseigne-joyeuse\\\/#breadcrumb\",\"itemListElement\":[{\"@type\":\"ListItem\",\"position\":1,\"name\":\"Accueil\",\"item\":\"https:\\\/\\\/asulf.org\\\/\"},{\"@type\":\"ListItem\",\"position\":2,\"name\":\"L&#8217;Enseigne joyeuse\"}]},{\"@type\":\"WebSite\",\"@id\":\"https:\\\/\\\/asulf.org\\\/#website\",\"url\":\"https:\\\/\\\/asulf.org\\\/\",\"name\":\"\",\"description\":\"Association pour le soutien et l\u2019usage de la langue fran\u00e7aise\",\"publisher\":{\"@id\":\"https:\\\/\\\/asulf.org\\\/#organization\"},\"potentialAction\":[{\"@type\":\"SearchAction\",\"target\":{\"@type\":\"EntryPoint\",\"urlTemplate\":\"https:\\\/\\\/asulf.org\\\/?s={search_term_string}\"},\"query-input\":{\"@type\":\"PropertyValueSpecification\",\"valueRequired\":true,\"valueName\":\"search_term_string\"}}],\"inLanguage\":\"fr-FR\"},{\"@type\":\"Organization\",\"@id\":\"https:\\\/\\\/asulf.org\\\/#organization\",\"name\":\"ASULF\",\"url\":\"https:\\\/\\\/asulf.org\\\/\",\"logo\":{\"@type\":\"ImageObject\",\"inLanguage\":\"fr-FR\",\"@id\":\"https:\\\/\\\/asulf.org\\\/#\\\/schema\\\/logo\\\/image\\\/\",\"url\":\"https:\\\/\\\/asulf.org\\\/wp-content\\\/uploads\\\/2021\\\/03\\\/cropped-asulf-logo-png-2.png\",\"contentUrl\":\"https:\\\/\\\/asulf.org\\\/wp-content\\\/uploads\\\/2021\\\/03\\\/cropped-asulf-logo-png-2.png\",\"width\":2068,\"height\":1086,\"caption\":\"ASULF\"},\"image\":{\"@id\":\"https:\\\/\\\/asulf.org\\\/#\\\/schema\\\/logo\\\/image\\\/\"},\"sameAs\":[\"https:\\\/\\\/www.facebook.com\\\/Association-pour-le-soutien-et-lusage-de-la-langue-fran\u00e7aise-ASULF-1702235186671805\"]}]}<\/script>\n<!-- \/ Yoast SEO plugin. -->","yoast_head_json":{"title":"L'Enseigne joyeuse -","robots":{"index":"index","follow":"follow","max-snippet":"max-snippet:-1","max-image-preview":"max-image-preview:large","max-video-preview":"max-video-preview:-1"},"canonical":"https:\/\/asulf.org\/lenseigne-joyeuse\/","og_locale":"fr_FR","og_type":"article","og_title":"L'Enseigne joyeuse -","og_description":"L\u2019Asulf invite ses membres \u00e0 participer au concours L\u2019Enseigne joyeuse \u00e0 l\u2019occasion de la Semaine de la langue fran\u00e7aise et de la francophonie en mars de chaque ann\u00e9e. Dans chaque ville, il y a des enseignes qui se distinguent par leur originalit\u00e9 et la qualit\u00e9 des mots choisis. L\u2019Asulf veut les faire conna\u00eetre. Nous vous...","og_url":"https:\/\/asulf.org\/lenseigne-joyeuse\/","article_publisher":"https:\/\/www.facebook.com\/Association-pour-le-soutien-et-lusage-de-la-langue-fran%c3%a7aise-ASULF-1702235186671805","article_modified_time":"2023-06-28T22:23:24+00:00","og_image":[{"width":960,"height":720,"url":"https:\/\/asulf.org\/wp-content\/uploads\/2020\/11\/citron-que-cest-bon-ahunst-imga.jpg","type":"image\/jpeg"}],"twitter_card":"summary_large_image","twitter_misc":{"Dur\u00e9e de lecture estim\u00e9e":"2 minutes"},"schema":{"@context":"https:\/\/schema.org","@graph":[{"@type":"WebPage","@id":"https:\/\/asulf.org\/lenseigne-joyeuse\/","url":"https:\/\/asulf.org\/lenseigne-joyeuse\/","name":"L'Enseigne joyeuse -","isPartOf":{"@id":"https:\/\/asulf.org\/#website"},"primaryImageOfPage":{"@id":"https:\/\/asulf.org\/lenseigne-joyeuse\/#primaryimage"},"image":{"@id":"https:\/\/asulf.org\/lenseigne-joyeuse\/#primaryimage"},"thumbnailUrl":"https:\/\/asulf.org\/wp-content\/uploads\/2020\/11\/citron-que-cest-bon-ahunst-imga.jpg","datePublished":"2018-05-03T18:13:30+00:00","dateModified":"2023-06-28T22:23:24+00:00","breadcrumb":{"@id":"https:\/\/asulf.org\/lenseigne-joyeuse\/#breadcrumb"},"inLanguage":"fr-FR","potentialAction":[{"@type":"ReadAction","target":["https:\/\/asulf.org\/lenseigne-joyeuse\/"]}]},{"@type":"ImageObject","inLanguage":"fr-FR","@id":"https:\/\/asulf.org\/lenseigne-joyeuse\/#primaryimage","url":"https:\/\/asulf.org\/wp-content\/uploads\/2020\/11\/citron-que-cest-bon-ahunst-imga.jpg","contentUrl":"https:\/\/asulf.org\/wp-content\/uploads\/2020\/11\/citron-que-cest-bon-ahunst-imga.jpg","width":960,"height":720},{"@type":"BreadcrumbList","@id":"https:\/\/asulf.org\/lenseigne-joyeuse\/#breadcrumb","itemListElement":[{"@type":"ListItem","position":1,"name":"Accueil","item":"https:\/\/asulf.org\/"},{"@type":"ListItem","position":2,"name":"L&#8217;Enseigne joyeuse"}]},{"@type":"WebSite","@id":"https:\/\/asulf.org\/#website","url":"https:\/\/asulf.org\/","name":"","description":"Association pour le soutien et l\u2019usage de la langue fran\u00e7aise","publisher":{"@id":"https:\/\/asulf.org\/#organization"},"potentialAction":[{"@type":"SearchAction","target":{"@type":"EntryPoint","urlTemplate":"https:\/\/asulf.org\/?s={search_term_string}"},"query-input":{"@type":"PropertyValueSpecification","valueRequired":true,"valueName":"search_term_string"}}],"inLanguage":"fr-FR"},{"@type":"Organization","@id":"https:\/\/asulf.org\/#organization","name":"ASULF","url":"https:\/\/asulf.org\/","logo":{"@type":"ImageObject","inLanguage":"fr-FR","@id":"https:\/\/asulf.org\/#\/schema\/logo\/image\/","url":"https:\/\/asulf.org\/wp-content\/uploads\/2021\/03\/cropped-asulf-logo-png-2.png","contentUrl":"https:\/\/asulf.org\/wp-content\/uploads\/2021\/03\/cropped-asulf-logo-png-2.png","width":2068,"height":1086,"caption":"ASULF"},"image":{"@id":"https:\/\/asulf.org\/#\/schema\/logo\/image\/"},"sameAs":["https:\/\/www.facebook.com\/Association-pour-le-soutien-et-lusage-de-la-langue-fran\u00e7aise-ASULF-1702235186671805"]}]}},"_links":{"self":[{"href":"https:\/\/asulf.org\/index.php?rest_route=\/wp\/v2\/pages\/4641","targetHints":{"allow":["GET"]}}],"collection":[{"href":"https:\/\/asulf.org\/index.php?rest_route=\/wp\/v2\/pages"}],"about":[{"href":"https:\/\/asulf.org\/index.php?rest_route=\/wp\/v2\/types\/page"}],"author":[{"embeddable":true,"href":"https:\/\/asulf.org\/index.php?rest_route=\/wp\/v2\/users\/12"}],"replies":[{"embeddable":true,"href":"https:\/\/asulf.org\/index.php?rest_route=%2Fwp%2Fv2%2Fcomments&post=4641"}],"version-history":[{"count":47,"href":"https:\/\/asulf.org\/index.php?rest_route=\/wp\/v2\/pages\/4641\/revisions"}],"predecessor-version":[{"id":10498,"href":"https:\/\/asulf.org\/index.php?rest_route=\/wp\/v2\/pages\/4641\/revisions\/10498"}],"wp:featuredmedia":[{"embeddable":true,"href":"https:\/\/asulf.org\/index.php?rest_route=\/wp\/v2\/media\/6897"}],"wp:attachment":[{"href":"https:\/\/asulf.org\/index.php?rest_route=%2Fwp%2Fv2%2Fmedia&parent=4641"}],"curies":[{"name":"wp","href":"https:\/\/api.w.org\/{rel}","templated":true}]}}