{"id":5263,"date":"2019-05-22T15:15:05","date_gmt":"2019-05-22T19:15:05","guid":{"rendered":"http:\/\/asulf.org\/?page_id=5263"},"modified":"2025-05-07T08:57:49","modified_gmt":"2025-05-07T12:57:49","slug":"shq-asulf-2","status":"publish","type":"page","link":"https:\/\/asulf.org\/?page_id=5263","title":{"rendered":"Prix &#8211; Asulf SHQ"},"content":{"rendered":"\n<figure class=\"wp-block-table\"><table><tbody><tr><td><strong><em>Prix &#8211;  Asulf SHQ <\/em><\/strong><br><br>Les laur\u00e9ats (ann\u00e9e, \u00e9tablissement scolaire, titre des textes)<br><br>2015, Ludovic Leclerc, Coll\u00e8ge des Compagnons, <a href=\"https:\/\/asulf.org\/wp-content\/uploads\/2024\/05\/De-misere-et-despoir-2015.pdf\" target=\"_blank\" rel=\"noreferrer noopener\">De mis\u00e8re et d\u2019espoir<\/a><br><br>2016, L\u00e9a-Pascale Saint-Hilaire, \u00c9cole Cardinal-Roy, <em><a href=\"https:\/\/asulf.org\/wp-content\/uploads\/2024\/05\/2016-Fatum-nostrum-est.pdf\" target=\"_blank\" rel=\"noreferrer noopener\">Fatum nostrum est<\/a><\/em> <br><br>2017, Marianne Saillant-Sylvain, Commission Scolaire des d\u00e9couvreurs, <a href=\"https:\/\/asulf.org\/wp-content\/uploads\/2024\/05\/2017-Les-balayeurs-de-cendre.pdf\" target=\"_blank\" rel=\"noreferrer noopener\">Les balayeurs de cendre<\/a><br><br>2018, Christophe Pruneau, Coll\u00e8ge des Compagnons, <a href=\"https:\/\/asulf.org\/wp-content\/uploads\/2024\/05\/2018-La-fille-sans-nom.pdf\" target=\"_blank\" rel=\"noreferrer noopener\">La fille sans nom<\/a><br><br>2019 , Cl\u00e9mence Ribordy, \u00c9cole Cardinal-Roy, <a href=\"https:\/\/asulf.org\/wp-content\/uploads\/2024\/05\/2019-Je-serre-et-je-recommence.pdf\">Je serre et je<\/a><a href=\"https:\/\/asulf.org\/wp-content\/uploads\/2024\/05\/2019-Je-serre-et-je-recommence.pdf\" target=\"_blank\" rel=\"noreferrer noopener\"> recommence<\/a><br><br>2020, Annabelle Dussault, \u00c9cole secondaire de Rochebelle, <a href=\"https:\/\/asulf.org\/wp-content\/uploads\/2024\/05\/2020-Annedda.pdf\" target=\"_blank\" rel=\"noreferrer noopener\">Annedda<\/a><br><br>2022, Lily-Soleil Goydadin, \u00c9cole Cardinal-Roy, <a href=\"https:\/\/asulf.org\/wp-content\/uploads\/2024\/05\/2022-A-Quebec-nous-serons-trois-1-1.pdf\" target=\"_blank\" rel=\"noreferrer noopener\">\u00c0 Qu\u00e9bec, nous serons trois<\/a><br><br>2023, \u00c9lia Morin, \u00c9cole Cardinal-Roy, <a href=\"https:\/\/asulf.org\/wp-content\/uploads\/2024\/05\/2023-Gabrielle-Pleau-a-la-cime.pdf\" target=\"_blank\" rel=\"noreferrer noopener\">Gabrielle Pleau : \u00e0 la cime de la reconnaissance<\/a><br><br>2024, \u00c8ve Stastny, \u00c9cole Cardinal-Roy, <a href=\"https:\/\/asulf.org\/wp-content\/uploads\/2024\/05\/2024-Dune-rive-a-lautre.pdf\" target=\"_blank\" rel=\"noreferrer noopener\">D&rsquo;une rive \u00e0 l&rsquo;autre<\/a><br><br>2025, C\u00e9dric Gagn\u00e9, Coll\u00e8ge des Compagnons, <a href=\"https:\/\/asulf.org\/wp-content\/uploads\/2025\/04\/2025-texte-gagnant-le-quatorzieme-Etat-2.pdf\" target=\"_blank\" rel=\"noreferrer noopener\">Le quatorzi\u00e8me \u00c9tat<\/a><\/td><\/tr><\/tbody><\/table><\/figure>\n","protected":false},"excerpt":{"rendered":"<p>Prix &#8211; Asulf SHQ Les laur\u00e9ats (ann\u00e9e, \u00e9tablissement scolaire, titre des textes) 2015, Ludovic Leclerc, Coll\u00e8ge des Compagnons, De mis\u00e8re et d\u2019espoir 2016, L\u00e9a-Pascale Saint-Hilaire, \u00c9cole Cardinal-Roy, Fatum nostrum est 2017, Marianne Saillant-Sylvain, Commission Scolaire des d\u00e9couvreurs, Les balayeurs de cendre 2018, Christophe Pruneau, Coll\u00e8ge des Compagnons, La fille sans nom 2019 , Cl\u00e9mence Ribordy,&#8230;<\/p>\n","protected":false},"author":12,"featured_media":0,"parent":0,"menu_order":0,"comment_status":"closed","ping_status":"closed","template":"","meta":{"footnotes":""},"class_list":["post-5263","page","type-page","status-publish","hentry"],"yoast_head":"<!-- This site is optimized with the Yoast SEO plugin v27.5 - https:\/\/yoast.com\/product\/yoast-seo-wordpress\/ -->\n<title>Prix - Asulf SHQ -<\/title>\n<meta name=\"robots\" content=\"index, follow, max-snippet:-1, max-image-preview:large, max-video-preview:-1\" \/>\n<link rel=\"canonical\" href=\"https:\/\/asulf.org\/?page_id=5263\" \/>\n<meta property=\"og:locale\" content=\"fr_FR\" \/>\n<meta property=\"og:type\" content=\"article\" \/>\n<meta property=\"og:title\" content=\"Prix - Asulf SHQ -\" \/>\n<meta property=\"og:description\" content=\"Prix &#8211; Asulf SHQ Les laur\u00e9ats (ann\u00e9e, \u00e9tablissement scolaire, titre des textes) 2015, Ludovic Leclerc, Coll\u00e8ge des Compagnons, De mis\u00e8re et d\u2019espoir 2016, L\u00e9a-Pascale Saint-Hilaire, \u00c9cole Cardinal-Roy, Fatum nostrum est 2017, Marianne Saillant-Sylvain, Commission Scolaire des d\u00e9couvreurs, Les balayeurs de cendre 2018, Christophe Pruneau, Coll\u00e8ge des Compagnons, La fille sans nom 2019 , Cl\u00e9mence Ribordy,...\" \/>\n<meta property=\"og:url\" content=\"https:\/\/asulf.org\/?page_id=5263\" \/>\n<meta property=\"article:publisher\" content=\"https:\/\/www.facebook.com\/Association-pour-le-soutien-et-lusage-de-la-langue-fran%c3%a7aise-ASULF-1702235186671805\" \/>\n<meta property=\"article:modified_time\" content=\"2025-05-07T12:57:49+00:00\" \/>\n<meta name=\"twitter:card\" content=\"summary_large_image\" \/>\n<meta name=\"twitter:label1\" content=\"Dur\u00e9e de lecture estim\u00e9e\" \/>\n\t<meta name=\"twitter:data1\" content=\"1 minute\" \/>\n<script type=\"application\/ld+json\" class=\"yoast-schema-graph\">{\"@context\":\"https:\\\/\\\/schema.org\",\"@graph\":[{\"@type\":\"WebPage\",\"@id\":\"https:\\\/\\\/asulf.org\\\/?page_id=5263\",\"url\":\"https:\\\/\\\/asulf.org\\\/?page_id=5263\",\"name\":\"Prix - Asulf SHQ -\",\"isPartOf\":{\"@id\":\"https:\\\/\\\/asulf.org\\\/#website\"},\"datePublished\":\"2019-05-22T19:15:05+00:00\",\"dateModified\":\"2025-05-07T12:57:49+00:00\",\"breadcrumb\":{\"@id\":\"https:\\\/\\\/asulf.org\\\/?page_id=5263#breadcrumb\"},\"inLanguage\":\"fr-FR\",\"potentialAction\":[{\"@type\":\"ReadAction\",\"target\":[\"https:\\\/\\\/asulf.org\\\/?page_id=5263\"]}]},{\"@type\":\"BreadcrumbList\",\"@id\":\"https:\\\/\\\/asulf.org\\\/?page_id=5263#breadcrumb\",\"itemListElement\":[{\"@type\":\"ListItem\",\"position\":1,\"name\":\"Accueil\",\"item\":\"https:\\\/\\\/asulf.org\\\/\"},{\"@type\":\"ListItem\",\"position\":2,\"name\":\"Prix &#8211; Asulf SHQ\"}]},{\"@type\":\"WebSite\",\"@id\":\"https:\\\/\\\/asulf.org\\\/#website\",\"url\":\"https:\\\/\\\/asulf.org\\\/\",\"name\":\"\",\"description\":\"Association pour le soutien et l\u2019usage de la langue fran\u00e7aise\",\"publisher\":{\"@id\":\"https:\\\/\\\/asulf.org\\\/#organization\"},\"potentialAction\":[{\"@type\":\"SearchAction\",\"target\":{\"@type\":\"EntryPoint\",\"urlTemplate\":\"https:\\\/\\\/asulf.org\\\/?s={search_term_string}\"},\"query-input\":{\"@type\":\"PropertyValueSpecification\",\"valueRequired\":true,\"valueName\":\"search_term_string\"}}],\"inLanguage\":\"fr-FR\"},{\"@type\":\"Organization\",\"@id\":\"https:\\\/\\\/asulf.org\\\/#organization\",\"name\":\"ASULF\",\"url\":\"https:\\\/\\\/asulf.org\\\/\",\"logo\":{\"@type\":\"ImageObject\",\"inLanguage\":\"fr-FR\",\"@id\":\"https:\\\/\\\/asulf.org\\\/#\\\/schema\\\/logo\\\/image\\\/\",\"url\":\"https:\\\/\\\/asulf.org\\\/wp-content\\\/uploads\\\/2021\\\/03\\\/cropped-asulf-logo-png-2.png\",\"contentUrl\":\"https:\\\/\\\/asulf.org\\\/wp-content\\\/uploads\\\/2021\\\/03\\\/cropped-asulf-logo-png-2.png\",\"width\":2068,\"height\":1086,\"caption\":\"ASULF\"},\"image\":{\"@id\":\"https:\\\/\\\/asulf.org\\\/#\\\/schema\\\/logo\\\/image\\\/\"},\"sameAs\":[\"https:\\\/\\\/www.facebook.com\\\/Association-pour-le-soutien-et-lusage-de-la-langue-fran\u00e7aise-ASULF-1702235186671805\"]}]}<\/script>\n<!-- \/ Yoast SEO plugin. -->","yoast_head_json":{"title":"Prix - Asulf SHQ -","robots":{"index":"index","follow":"follow","max-snippet":"max-snippet:-1","max-image-preview":"max-image-preview:large","max-video-preview":"max-video-preview:-1"},"canonical":"https:\/\/asulf.org\/?page_id=5263","og_locale":"fr_FR","og_type":"article","og_title":"Prix - Asulf SHQ -","og_description":"Prix &#8211; Asulf SHQ Les laur\u00e9ats (ann\u00e9e, \u00e9tablissement scolaire, titre des textes) 2015, Ludovic Leclerc, Coll\u00e8ge des Compagnons, De mis\u00e8re et d\u2019espoir 2016, L\u00e9a-Pascale Saint-Hilaire, \u00c9cole Cardinal-Roy, Fatum nostrum est 2017, Marianne Saillant-Sylvain, Commission Scolaire des d\u00e9couvreurs, Les balayeurs de cendre 2018, Christophe Pruneau, Coll\u00e8ge des Compagnons, La fille sans nom 2019 , Cl\u00e9mence Ribordy,...","og_url":"https:\/\/asulf.org\/?page_id=5263","article_publisher":"https:\/\/www.facebook.com\/Association-pour-le-soutien-et-lusage-de-la-langue-fran%c3%a7aise-ASULF-1702235186671805","article_modified_time":"2025-05-07T12:57:49+00:00","twitter_card":"summary_large_image","twitter_misc":{"Dur\u00e9e de lecture estim\u00e9e":"1 minute"},"schema":{"@context":"https:\/\/schema.org","@graph":[{"@type":"WebPage","@id":"https:\/\/asulf.org\/?page_id=5263","url":"https:\/\/asulf.org\/?page_id=5263","name":"Prix - Asulf SHQ -","isPartOf":{"@id":"https:\/\/asulf.org\/#website"},"datePublished":"2019-05-22T19:15:05+00:00","dateModified":"2025-05-07T12:57:49+00:00","breadcrumb":{"@id":"https:\/\/asulf.org\/?page_id=5263#breadcrumb"},"inLanguage":"fr-FR","potentialAction":[{"@type":"ReadAction","target":["https:\/\/asulf.org\/?page_id=5263"]}]},{"@type":"BreadcrumbList","@id":"https:\/\/asulf.org\/?page_id=5263#breadcrumb","itemListElement":[{"@type":"ListItem","position":1,"name":"Accueil","item":"https:\/\/asulf.org\/"},{"@type":"ListItem","position":2,"name":"Prix &#8211; Asulf SHQ"}]},{"@type":"WebSite","@id":"https:\/\/asulf.org\/#website","url":"https:\/\/asulf.org\/","name":"","description":"Association pour le soutien et l\u2019usage de la langue fran\u00e7aise","publisher":{"@id":"https:\/\/asulf.org\/#organization"},"potentialAction":[{"@type":"SearchAction","target":{"@type":"EntryPoint","urlTemplate":"https:\/\/asulf.org\/?s={search_term_string}"},"query-input":{"@type":"PropertyValueSpecification","valueRequired":true,"valueName":"search_term_string"}}],"inLanguage":"fr-FR"},{"@type":"Organization","@id":"https:\/\/asulf.org\/#organization","name":"ASULF","url":"https:\/\/asulf.org\/","logo":{"@type":"ImageObject","inLanguage":"fr-FR","@id":"https:\/\/asulf.org\/#\/schema\/logo\/image\/","url":"https:\/\/asulf.org\/wp-content\/uploads\/2021\/03\/cropped-asulf-logo-png-2.png","contentUrl":"https:\/\/asulf.org\/wp-content\/uploads\/2021\/03\/cropped-asulf-logo-png-2.png","width":2068,"height":1086,"caption":"ASULF"},"image":{"@id":"https:\/\/asulf.org\/#\/schema\/logo\/image\/"},"sameAs":["https:\/\/www.facebook.com\/Association-pour-le-soutien-et-lusage-de-la-langue-fran\u00e7aise-ASULF-1702235186671805"]}]}},"_links":{"self":[{"href":"https:\/\/asulf.org\/index.php?rest_route=\/wp\/v2\/pages\/5263","targetHints":{"allow":["GET"]}}],"collection":[{"href":"https:\/\/asulf.org\/index.php?rest_route=\/wp\/v2\/pages"}],"about":[{"href":"https:\/\/asulf.org\/index.php?rest_route=\/wp\/v2\/types\/page"}],"author":[{"embeddable":true,"href":"https:\/\/asulf.org\/index.php?rest_route=\/wp\/v2\/users\/12"}],"replies":[{"embeddable":true,"href":"https:\/\/asulf.org\/index.php?rest_route=%2Fwp%2Fv2%2Fcomments&post=5263"}],"version-history":[{"count":54,"href":"https:\/\/asulf.org\/index.php?rest_route=\/wp\/v2\/pages\/5263\/revisions"}],"predecessor-version":[{"id":12195,"href":"https:\/\/asulf.org\/index.php?rest_route=\/wp\/v2\/pages\/5263\/revisions\/12195"}],"wp:attachment":[{"href":"https:\/\/asulf.org\/index.php?rest_route=%2Fwp%2Fv2%2Fmedia&parent=5263"}],"curies":[{"name":"wp","href":"https:\/\/api.w.org\/{rel}","templated":true}]}}