{"id":5478,"date":"2019-08-28T15:40:33","date_gmt":"2019-08-28T19:40:33","guid":{"rendered":"http:\/\/asulf.org\/?page_id=5478"},"modified":"2023-06-28T18:57:38","modified_gmt":"2023-06-28T22:57:38","slug":"cibles-prioritaires-des-membres-de-lasulf","status":"publish","type":"page","link":"https:\/\/asulf.org\/?page_id=5478","title":{"rendered":"Liste des cibles prioritaires"},"content":{"rendered":"\n<figure class=\"wp-block-table\"><table><tbody><tr><td><a href=\"http:\/\/asulf.org\/wp-content\/uploads\/2020\/02\/Fiche-Ajouter-linsulte.pdf\" target=\"_blank\" rel=\"noreferrer noopener\">Ajouter l\u2019insulte \u00e0 l\u2019injure<\/a> <\/td><td><a href=\"http:\/\/asulf.org\/wp-content\/uploads\/2018\/11\/Fiche-Bon-matin.pdf\" target=\"_blank\" rel=\"noreferrer noopener\">Bon matin<\/a><\/td><td><a href=\"http:\/\/asulf.org\/wp-content\/uploads\/2020\/02\/Fiche-Boxing-Day.pdf\" target=\"_blank\" rel=\"noreferrer noopener\">Boxing Day<\/a><\/td><\/tr><tr><td><a href=\"http:\/\/asulf.org\/cabaret\/\" target=\"_blank\" rel=\"noreferrer noopener\">Cabaret<\/a><\/td><td><a href=\"http:\/\/asulf.org\/certificat\/\" target=\"_blank\" rel=\"noreferrer noopener\">Certificat-cadeau<\/a><\/td><td><a href=\"http:\/\/asulf.org\/wp-content\/uploads\/2020\/11\/Fiche-Circulaire.pdf\" target=\"_blank\" rel=\"noreferrer noopener\">Circulaire<\/a><\/td><\/tr><tr><td><a href=\"http:\/\/asulf.org\/wp-content\/uploads\/2018\/11\/Fiche-Civique.pdf\" target=\"_blank\" rel=\"noreferrer noopener\">Civique<\/a><\/td><td><a href=\"http:\/\/asulf.org\/wp-content\/uploads\/2018\/11\/Fiche-Clause-nonobstant.pdf\" target=\"_blank\" rel=\"noreferrer noopener\">Clause nonobstant<\/a><\/td><td><\/td><\/tr><tr><td><a href=\"http:\/\/asulf.org\/wp-content\/uploads\/2020\/11\/Fiche-Date-etc.pdf\" target=\"_blank\" rel=\"noreferrer noopener\">Dat\u00e9 (donn\u00e9, \u00e9dict\u00e9, sign\u00e9, etc.)<\/a><\/td><td><a href=\"http:\/\/asulf.org\/wp-content\/uploads\/2018\/11\/Fiche-2e-meilleur.pdf\" target=\"_blank\" rel=\"noreferrer noopener\">Deuxi\u00e8me meilleur<\/a><\/td><td><a href=\"http:\/\/asulf.org\/wp-content\/uploads\/2018\/07\/Fiche-Developpement-immobilier.pdf\" target=\"_blank\" rel=\"noreferrer noopener\">D\u00e9veloppement immobilier<\/a><\/td><\/tr><tr><td><a href=\"http:\/\/asulf.org\/eligible\/\" target=\"_blank\" rel=\"noreferrer noopener\">\u00c9ligible<\/a><\/td><td><a href=\"http:\/\/asulf.org\/wp-content\/uploads\/2020\/02\/Fiche-Chef-executif.pdf\" target=\"_blank\" rel=\"noreferrer noopener\">Ex\u00e9cutif (chef)<\/a><\/td><td><a href=\"http:\/\/asulf.org\/wp-content\/uploads\/2018\/11\/Fiche-Fabricant.pdf\" target=\"_blank\" rel=\"noreferrer noopener\">Fabricant d\u2019automobiles<\/a><\/td><\/tr><tr><td><a href=\"http:\/\/asulf.org\/wp-content\/uploads\/2020\/02\/Fiche-Facture.pdf\" target=\"_blank\" rel=\"noreferrer noopener\">Facture<\/a><\/td><td><a href=\"http:\/\/asulf.org\/wp-content\/uploads\/2020\/11\/Fiche-Graduation.pdf\" target=\"_blank\" rel=\"noreferrer noopener\">Graduation<\/a><\/td><td><a href=\"http:\/\/asulf.org\/inventaire\/\" target=\"_blank\" rel=\"noreferrer noopener\">Inventaire<\/a><\/td><\/tr><tr><td><a href=\"http:\/\/asulf.org\/item\/\" target=\"_blank\" rel=\"noreferrer noopener\">Item<\/a><\/td><td><a href=\"http:\/\/asulf.org\/wp-content\/uploads\/2018\/11\/Fiche-Juridiction.pdf\" target=\"_blank\" rel=\"noreferrer noopener\">Juridiction<\/a><\/td><td><a href=\"http:\/\/asulf.org\/wp-content\/uploads\/2018\/11\/Fiche-Mettre-lepaule.pdf\" target=\"_blank\" rel=\"noreferrer noopener\">Mettre l\u2019\u00e9paule \u00e0 la roue<\/a><\/td><\/tr><tr><td><a href=\"http:\/\/asulf.org\/nomine\/\" target=\"_blank\" rel=\"noreferrer noopener\">Nomin\u00e9<\/a><\/td><td><a href=\"http:\/\/asulf.org\/oeuvrer\/\" target=\"_blank\" rel=\"noreferrer noopener\">\u0152uvre<\/a>r<\/td><td><a href=\"http:\/\/asulf.org\/wp-content\/uploads\/2020\/11\/Fiche-Ohio-DL.pdf\" target=\"_blank\" rel=\"noreferrer noopener\">Ohio<\/a><\/td><\/tr><tr><td><a href=\"http:\/\/asulf.org\/opportunite\/\" target=\"_blank\" rel=\"noreferrer noopener\">Opportunit\u00e9<\/a><\/td><td><a href=\"http:\/\/asulf.org\/2018\/03\/20\/payeur-de-taxes\/\" target=\"_blank\" rel=\"noreferrer noopener\">Payeur de taxes<\/a><\/td><td><a href=\"http:\/\/asulf.org\/wp-content\/uploads\/2020\/10\/Fiche-Prime-de-depart.pdf\" target=\"_blank\" rel=\"noreferrer noopener\">Prime de d\u00e9part<\/a><\/td><\/tr><tr><td><a href=\"http:\/\/asulf.org\/wp-content\/uploads\/2020\/10\/Fiche-Puis-je-vous-aider.pdf\" target=\"_blank\" rel=\"noreferrer noopener\">Puis-je vous aider?<\/a><\/td><td><a href=\"http:\/\/asulf.org\/wp-content\/uploads\/2018\/11\/Fiche-Referer.pdf\" target=\"_blank\" rel=\"noreferrer noopener\">R\u00e9f\u00e9rer<\/a><\/td><td><a href=\"http:\/\/asulf.org\/regulier\/\" target=\"_blank\" rel=\"noreferrer noopener\">R\u00e9gulier<\/a><\/td><\/tr><tr><td><a href=\"http:\/\/asulf.org\/wp-content\/uploads\/2020\/02\/Fiche-Representations-sur-sentence.pdf\" target=\"_blank\" rel=\"noreferrer noopener\">Repr\u00e9sentations sur sentence<\/a><\/td><td><a href=\"http:\/\/asulf.org\/wp-content\/uploads\/2020\/02\/Fiche-Retroactivite.pdf\" target=\"_blank\" rel=\"noreferrer noopener\">R\u00e9troactivit\u00e9<\/a><\/td><td><a href=\"http:\/\/asulf.org\/temperature\/\" target=\"_blank\" rel=\"noreferrer noopener\">Temp\u00e9rature<\/a> (au sens du temps qu\u2019il fait)<\/td><\/tr><tr><td><a href=\"http:\/\/asulf.org\/wp-content\/uploads\/2020\/02\/Fiche-Unite-de-logement.pdf\" target=\"_blank\" rel=\"noreferrer noopener\">Unit\u00e9 de logement<\/a><\/td><td><a href=\"http:\/\/asulf.org\/wp-content\/uploads\/2020\/02\/Fiche-Valleyfield.pdf\">Valleyfield<\/a><\/td><td><a href=\"http:\/\/asulf.org\/vente\/\" target=\"_blank\" rel=\"noreferrer noopener\">Vente<\/a><\/td><\/tr><tr><td><a href=\"http:\/\/asulf.org\/wp-content\/uploads\/2020\/11\/Fiche-Waterloo.pdf\" target=\"_blank\" rel=\"noreferrer noopener\">Waterloo<\/a><\/td><td><\/td><td><\/td><\/tr><\/tbody><\/table><\/figure>\n\n\n<p>Au niveau de\u2026<br \/>\u00c9mettre (permis, re\u00e7u, certificat, passeport, etc.)<br \/>Fournaise <br \/>Food truck<br \/>Initier<br \/>Pond hockey <br \/>Questionner (une chose)<br \/>Valet parking <br \/>Viaduc<br \/>Prononciation : Bagel \/ CBC \/ CUSM\u00a0<\/p>","protected":false},"excerpt":{"rendered":"<p>Ajouter l\u2019insulte \u00e0 l\u2019injure Bon matin Boxing Day Cabaret Certificat-cadeau Circulaire Civique Clause nonobstant Dat\u00e9 (donn\u00e9, \u00e9dict\u00e9, sign\u00e9, etc.) Deuxi\u00e8me meilleur D\u00e9veloppement immobilier \u00c9ligible Ex\u00e9cutif (chef) Fabricant d\u2019automobiles Facture Graduation Inventaire Item Juridiction Mettre l\u2019\u00e9paule \u00e0 la roue Nomin\u00e9 \u0152uvrer Ohio Opportunit\u00e9 Payeur de taxes Prime de d\u00e9part Puis-je vous aider? R\u00e9f\u00e9rer R\u00e9gulier Repr\u00e9sentations sur&#8230;<\/p>\n","protected":false},"author":12,"featured_media":0,"parent":0,"menu_order":0,"comment_status":"closed","ping_status":"closed","template":"","meta":{"footnotes":""},"class_list":["post-5478","page","type-page","status-publish","hentry"],"yoast_head":"<!-- This site is optimized with the Yoast SEO plugin v27.5 - https:\/\/yoast.com\/product\/yoast-seo-wordpress\/ -->\n<title>Liste des cibles prioritaires -<\/title>\n<meta name=\"robots\" content=\"index, follow, max-snippet:-1, max-image-preview:large, max-video-preview:-1\" \/>\n<link rel=\"canonical\" href=\"https:\/\/asulf.org\/cibles-prioritaires-des-membres-de-lasulf\/\" \/>\n<meta property=\"og:locale\" content=\"fr_FR\" \/>\n<meta property=\"og:type\" content=\"article\" \/>\n<meta property=\"og:title\" content=\"Liste des cibles prioritaires -\" \/>\n<meta property=\"og:description\" content=\"Ajouter l\u2019insulte \u00e0 l\u2019injure Bon matin Boxing Day Cabaret Certificat-cadeau Circulaire Civique Clause nonobstant Dat\u00e9 (donn\u00e9, \u00e9dict\u00e9, sign\u00e9, etc.) Deuxi\u00e8me meilleur D\u00e9veloppement immobilier \u00c9ligible Ex\u00e9cutif (chef) Fabricant d\u2019automobiles Facture Graduation Inventaire Item Juridiction Mettre l\u2019\u00e9paule \u00e0 la roue Nomin\u00e9 \u0152uvrer Ohio Opportunit\u00e9 Payeur de taxes Prime de d\u00e9part Puis-je vous aider? R\u00e9f\u00e9rer R\u00e9gulier Repr\u00e9sentations sur...\" \/>\n<meta property=\"og:url\" content=\"https:\/\/asulf.org\/cibles-prioritaires-des-membres-de-lasulf\/\" \/>\n<meta property=\"article:publisher\" content=\"https:\/\/www.facebook.com\/Association-pour-le-soutien-et-lusage-de-la-langue-fran%c3%a7aise-ASULF-1702235186671805\" \/>\n<meta property=\"article:modified_time\" content=\"2023-06-28T22:57:38+00:00\" \/>\n<meta name=\"twitter:card\" content=\"summary_large_image\" \/>\n<meta name=\"twitter:label1\" content=\"Dur\u00e9e de lecture estim\u00e9e\" \/>\n\t<meta name=\"twitter:data1\" content=\"1 minute\" \/>\n<script type=\"application\/ld+json\" class=\"yoast-schema-graph\">{\"@context\":\"https:\\\/\\\/schema.org\",\"@graph\":[{\"@type\":\"WebPage\",\"@id\":\"https:\\\/\\\/asulf.org\\\/cibles-prioritaires-des-membres-de-lasulf\\\/\",\"url\":\"https:\\\/\\\/asulf.org\\\/cibles-prioritaires-des-membres-de-lasulf\\\/\",\"name\":\"Liste des cibles prioritaires -\",\"isPartOf\":{\"@id\":\"https:\\\/\\\/asulf.org\\\/#website\"},\"datePublished\":\"2019-08-28T19:40:33+00:00\",\"dateModified\":\"2023-06-28T22:57:38+00:00\",\"breadcrumb\":{\"@id\":\"https:\\\/\\\/asulf.org\\\/cibles-prioritaires-des-membres-de-lasulf\\\/#breadcrumb\"},\"inLanguage\":\"fr-FR\",\"potentialAction\":[{\"@type\":\"ReadAction\",\"target\":[\"https:\\\/\\\/asulf.org\\\/cibles-prioritaires-des-membres-de-lasulf\\\/\"]}]},{\"@type\":\"BreadcrumbList\",\"@id\":\"https:\\\/\\\/asulf.org\\\/cibles-prioritaires-des-membres-de-lasulf\\\/#breadcrumb\",\"itemListElement\":[{\"@type\":\"ListItem\",\"position\":1,\"name\":\"Accueil\",\"item\":\"https:\\\/\\\/asulf.org\\\/\"},{\"@type\":\"ListItem\",\"position\":2,\"name\":\"Liste des cibles prioritaires\"}]},{\"@type\":\"WebSite\",\"@id\":\"https:\\\/\\\/asulf.org\\\/#website\",\"url\":\"https:\\\/\\\/asulf.org\\\/\",\"name\":\"\",\"description\":\"Association pour le soutien et l\u2019usage de la langue fran\u00e7aise\",\"publisher\":{\"@id\":\"https:\\\/\\\/asulf.org\\\/#organization\"},\"potentialAction\":[{\"@type\":\"SearchAction\",\"target\":{\"@type\":\"EntryPoint\",\"urlTemplate\":\"https:\\\/\\\/asulf.org\\\/?s={search_term_string}\"},\"query-input\":{\"@type\":\"PropertyValueSpecification\",\"valueRequired\":true,\"valueName\":\"search_term_string\"}}],\"inLanguage\":\"fr-FR\"},{\"@type\":\"Organization\",\"@id\":\"https:\\\/\\\/asulf.org\\\/#organization\",\"name\":\"ASULF\",\"url\":\"https:\\\/\\\/asulf.org\\\/\",\"logo\":{\"@type\":\"ImageObject\",\"inLanguage\":\"fr-FR\",\"@id\":\"https:\\\/\\\/asulf.org\\\/#\\\/schema\\\/logo\\\/image\\\/\",\"url\":\"https:\\\/\\\/asulf.org\\\/wp-content\\\/uploads\\\/2021\\\/03\\\/cropped-asulf-logo-png-2.png\",\"contentUrl\":\"https:\\\/\\\/asulf.org\\\/wp-content\\\/uploads\\\/2021\\\/03\\\/cropped-asulf-logo-png-2.png\",\"width\":2068,\"height\":1086,\"caption\":\"ASULF\"},\"image\":{\"@id\":\"https:\\\/\\\/asulf.org\\\/#\\\/schema\\\/logo\\\/image\\\/\"},\"sameAs\":[\"https:\\\/\\\/www.facebook.com\\\/Association-pour-le-soutien-et-lusage-de-la-langue-fran\u00e7aise-ASULF-1702235186671805\"]}]}<\/script>\n<!-- \/ Yoast SEO plugin. -->","yoast_head_json":{"title":"Liste des cibles prioritaires -","robots":{"index":"index","follow":"follow","max-snippet":"max-snippet:-1","max-image-preview":"max-image-preview:large","max-video-preview":"max-video-preview:-1"},"canonical":"https:\/\/asulf.org\/cibles-prioritaires-des-membres-de-lasulf\/","og_locale":"fr_FR","og_type":"article","og_title":"Liste des cibles prioritaires -","og_description":"Ajouter l\u2019insulte \u00e0 l\u2019injure Bon matin Boxing Day Cabaret Certificat-cadeau Circulaire Civique Clause nonobstant Dat\u00e9 (donn\u00e9, \u00e9dict\u00e9, sign\u00e9, etc.) Deuxi\u00e8me meilleur D\u00e9veloppement immobilier \u00c9ligible Ex\u00e9cutif (chef) Fabricant d\u2019automobiles Facture Graduation Inventaire Item Juridiction Mettre l\u2019\u00e9paule \u00e0 la roue Nomin\u00e9 \u0152uvrer Ohio Opportunit\u00e9 Payeur de taxes Prime de d\u00e9part Puis-je vous aider? R\u00e9f\u00e9rer R\u00e9gulier Repr\u00e9sentations sur...","og_url":"https:\/\/asulf.org\/cibles-prioritaires-des-membres-de-lasulf\/","article_publisher":"https:\/\/www.facebook.com\/Association-pour-le-soutien-et-lusage-de-la-langue-fran%c3%a7aise-ASULF-1702235186671805","article_modified_time":"2023-06-28T22:57:38+00:00","twitter_card":"summary_large_image","twitter_misc":{"Dur\u00e9e de lecture estim\u00e9e":"1 minute"},"schema":{"@context":"https:\/\/schema.org","@graph":[{"@type":"WebPage","@id":"https:\/\/asulf.org\/cibles-prioritaires-des-membres-de-lasulf\/","url":"https:\/\/asulf.org\/cibles-prioritaires-des-membres-de-lasulf\/","name":"Liste des cibles prioritaires -","isPartOf":{"@id":"https:\/\/asulf.org\/#website"},"datePublished":"2019-08-28T19:40:33+00:00","dateModified":"2023-06-28T22:57:38+00:00","breadcrumb":{"@id":"https:\/\/asulf.org\/cibles-prioritaires-des-membres-de-lasulf\/#breadcrumb"},"inLanguage":"fr-FR","potentialAction":[{"@type":"ReadAction","target":["https:\/\/asulf.org\/cibles-prioritaires-des-membres-de-lasulf\/"]}]},{"@type":"BreadcrumbList","@id":"https:\/\/asulf.org\/cibles-prioritaires-des-membres-de-lasulf\/#breadcrumb","itemListElement":[{"@type":"ListItem","position":1,"name":"Accueil","item":"https:\/\/asulf.org\/"},{"@type":"ListItem","position":2,"name":"Liste des cibles prioritaires"}]},{"@type":"WebSite","@id":"https:\/\/asulf.org\/#website","url":"https:\/\/asulf.org\/","name":"","description":"Association pour le soutien et l\u2019usage de la langue fran\u00e7aise","publisher":{"@id":"https:\/\/asulf.org\/#organization"},"potentialAction":[{"@type":"SearchAction","target":{"@type":"EntryPoint","urlTemplate":"https:\/\/asulf.org\/?s={search_term_string}"},"query-input":{"@type":"PropertyValueSpecification","valueRequired":true,"valueName":"search_term_string"}}],"inLanguage":"fr-FR"},{"@type":"Organization","@id":"https:\/\/asulf.org\/#organization","name":"ASULF","url":"https:\/\/asulf.org\/","logo":{"@type":"ImageObject","inLanguage":"fr-FR","@id":"https:\/\/asulf.org\/#\/schema\/logo\/image\/","url":"https:\/\/asulf.org\/wp-content\/uploads\/2021\/03\/cropped-asulf-logo-png-2.png","contentUrl":"https:\/\/asulf.org\/wp-content\/uploads\/2021\/03\/cropped-asulf-logo-png-2.png","width":2068,"height":1086,"caption":"ASULF"},"image":{"@id":"https:\/\/asulf.org\/#\/schema\/logo\/image\/"},"sameAs":["https:\/\/www.facebook.com\/Association-pour-le-soutien-et-lusage-de-la-langue-fran\u00e7aise-ASULF-1702235186671805"]}]}},"_links":{"self":[{"href":"https:\/\/asulf.org\/index.php?rest_route=\/wp\/v2\/pages\/5478","targetHints":{"allow":["GET"]}}],"collection":[{"href":"https:\/\/asulf.org\/index.php?rest_route=\/wp\/v2\/pages"}],"about":[{"href":"https:\/\/asulf.org\/index.php?rest_route=\/wp\/v2\/types\/page"}],"author":[{"embeddable":true,"href":"https:\/\/asulf.org\/index.php?rest_route=\/wp\/v2\/users\/12"}],"replies":[{"embeddable":true,"href":"https:\/\/asulf.org\/index.php?rest_route=%2Fwp%2Fv2%2Fcomments&post=5478"}],"version-history":[{"count":53,"href":"https:\/\/asulf.org\/index.php?rest_route=\/wp\/v2\/pages\/5478\/revisions"}],"predecessor-version":[{"id":10511,"href":"https:\/\/asulf.org\/index.php?rest_route=\/wp\/v2\/pages\/5478\/revisions\/10511"}],"wp:attachment":[{"href":"https:\/\/asulf.org\/index.php?rest_route=%2Fwp%2Fv2%2Fmedia&parent=5478"}],"curies":[{"name":"wp","href":"https:\/\/api.w.org\/{rel}","templated":true}]}}