{"id":7425,"date":"2021-04-08T10:35:43","date_gmt":"2021-04-08T14:35:43","guid":{"rendered":"https:\/\/asulf.org\/?page_id=7425"},"modified":"2026-04-16T09:12:33","modified_gmt":"2026-04-16T13:12:33","slug":"repertoires-correctifs","status":"publish","type":"page","link":"https:\/\/asulf.org\/?page_id=7425","title":{"rendered":"Listes correctives"},"content":{"rendered":"\n<div class=\"wp-block-columns is-layout-flex wp-container-core-columns-is-layout-9d6595d7 wp-block-columns-is-layout-flex\">\n<div class=\"wp-block-column is-layout-flow wp-block-column-is-layout-flow\" style=\"flex-basis:33.33%\">\n<p>Asulf &#8211; Mieux dire au t\u00e9l\u00e9phone<\/p>\n<\/div>\n\n\n\n<div class=\"wp-block-column is-layout-flow wp-block-column-is-layout-flow\" style=\"flex-basis:66.66%\">\n<figure class=\"wp-block-image size-large is-resized\"><a href=\"https:\/\/asulf.org\/wp-content\/uploads\/2023\/06\/Capture-decran-le-2023-06-28-a-19.33.06.png\" target=\"_blank\" rel=\"noreferrer noopener\"><img loading=\"lazy\" decoding=\"async\" width=\"721\" height=\"1030\" src=\"https:\/\/asulf.org\/wp-content\/uploads\/2023\/06\/Capture-decran-le-2023-06-28-a-19.33.06-721x1030.png\" alt=\"\" class=\"wp-image-10527\" style=\"width:180px;height:258px\" srcset=\"https:\/\/asulf.org\/wp-content\/uploads\/2023\/06\/Capture-decran-le-2023-06-28-a-19.33.06-721x1030.png 721w, https:\/\/asulf.org\/wp-content\/uploads\/2023\/06\/Capture-decran-le-2023-06-28-a-19.33.06-210x300.png 210w, https:\/\/asulf.org\/wp-content\/uploads\/2023\/06\/Capture-decran-le-2023-06-28-a-19.33.06-768x1097.png 768w, https:\/\/asulf.org\/wp-content\/uploads\/2023\/06\/Capture-decran-le-2023-06-28-a-19.33.06-1075x1536.png 1075w, https:\/\/asulf.org\/wp-content\/uploads\/2023\/06\/Capture-decran-le-2023-06-28-a-19.33.06-300x429.png 300w, https:\/\/asulf.org\/wp-content\/uploads\/2023\/06\/Capture-decran-le-2023-06-28-a-19.33.06-850x1214.png 850w, https:\/\/asulf.org\/wp-content\/uploads\/2023\/06\/Capture-decran-le-2023-06-28-a-19.33.06.png 1400w\" sizes=\"auto, (max-width: 721px) 100vw, 721px\" \/><\/a><\/figure>\n<\/div>\n<\/div>\n\n\n\n<p><\/p>\n\n\n\n<p>Auclair, Robert &#8212;&#8211;               <a href=\"https:\/\/asulf.org\/wp-content\/uploads\/2021\/10\/Deviation.pdf\" target=\"_blank\" rel=\"noreferrer noopener\">D\u00e9viation<\/a><\/p>\n\n\n\n<p>Auclair, Robert &#8212;&#8211;               <a href=\"https:\/\/asulf.org\/wp-content\/uploads\/2021\/07\/LaPresse-CC-2019.pdf\" target=\"_blank\" rel=\"noreferrer noopener\">Fautes de la convention collective des journalistes de La Presse<\/a> (2019, 6 pages)<\/p>\n\n\n\n<p>Auclair, Robert &#8212;&#8211;               <a href=\"https:\/\/asulf.org\/wp-content\/uploads\/2021\/07\/Exemples-danglicismes.pdf\" target=\"_blank\" rel=\"noreferrer noopener\">Anglicismes de 4 conventions collectives du domaine de la construction<\/a> (2020, 2 pages)<\/p>\n\n\n\n<p>Auclair, Robert   &#8212;&#8211;             <a href=\"https:\/\/asulf.org\/wp-content\/uploads\/2021\/05\/Ambulance-CC-Observ.pdf\" target=\"_blank\" rel=\"noreferrer noopener\">60 fautes d&rsquo;une conv. coll. (Techniciens. ambulanciers)<\/a> (2021)<\/p>\n\n\n\n<p>Delisle, Yvon &#8212;&#8211; <a href=\"https:\/\/asulf.org\/wp-content\/uploads\/2026\/04\/Animateurs-et-journalistes_260415.pdf\" target=\"_blank\" rel=\"noreferrer noopener\">Fiches destin\u00e9es aux m\u00e9dias<\/a> (2026, 86 pages)<\/p>\n\n\n\n<p>Gagnier, Raymond &#8212;&#8211;        <a href=\"https:\/\/asulf.org\/interventions-linguistiques\/\" target=\"_blank\" rel=\"noreferrer noopener\"> Interventions linguistiques<\/a><\/p>\n\n\n\n<p>Langelier, Danielle &#8212;&#8211;           <a href=\"https:\/\/asulf.org\/wp-content\/uploads\/2021\/08\/Mieux-dire-a-lepicerie.pdf\" target=\"_blank\" rel=\"noreferrer noopener\">Mieux dire \u00e0 l&rsquo;\u00e9picerie <\/a><\/p>\n\n\n\n<p><\/p>\n","protected":false},"excerpt":{"rendered":"<p>Asulf &#8211; Mieux dire au t\u00e9l\u00e9phone Auclair, Robert &#8212;&#8211; D\u00e9viation Auclair, Robert &#8212;&#8211; Fautes de la convention collective des journalistes de La Presse (2019, 6 pages) Auclair, Robert &#8212;&#8211; Anglicismes de 4 conventions collectives du domaine de la construction (2020, 2 pages) Auclair, Robert &#8212;&#8211; 60 fautes d&rsquo;une conv. coll. (Techniciens. ambulanciers) (2021) Delisle, Yvon&#8230;<\/p>\n","protected":false},"author":12,"featured_media":0,"parent":0,"menu_order":0,"comment_status":"closed","ping_status":"closed","template":"","meta":{"footnotes":""},"class_list":["post-7425","page","type-page","status-publish","hentry"],"yoast_head":"<!-- This site is optimized with the Yoast SEO plugin v27.5 - https:\/\/yoast.com\/product\/yoast-seo-wordpress\/ -->\n<title>Listes correctives -<\/title>\n<meta name=\"robots\" content=\"index, follow, max-snippet:-1, max-image-preview:large, max-video-preview:-1\" \/>\n<link rel=\"canonical\" href=\"https:\/\/asulf.org\/repertoires-correctifs\/\" \/>\n<meta property=\"og:locale\" content=\"fr_FR\" \/>\n<meta property=\"og:type\" content=\"article\" \/>\n<meta property=\"og:title\" content=\"Listes correctives -\" \/>\n<meta property=\"og:description\" content=\"Asulf &#8211; Mieux dire au t\u00e9l\u00e9phone Auclair, Robert &#8212;&#8211; D\u00e9viation Auclair, Robert &#8212;&#8211; Fautes de la convention collective des journalistes de La Presse (2019, 6 pages) Auclair, Robert &#8212;&#8211; Anglicismes de 4 conventions collectives du domaine de la construction (2020, 2 pages) Auclair, Robert &#8212;&#8211; 60 fautes d&rsquo;une conv. coll. (Techniciens. ambulanciers) (2021) Delisle, Yvon...\" \/>\n<meta property=\"og:url\" content=\"https:\/\/asulf.org\/repertoires-correctifs\/\" \/>\n<meta property=\"article:publisher\" content=\"https:\/\/www.facebook.com\/Association-pour-le-soutien-et-lusage-de-la-langue-fran%c3%a7aise-ASULF-1702235186671805\" \/>\n<meta property=\"article:modified_time\" content=\"2026-04-16T13:12:33+00:00\" \/>\n<meta property=\"og:image\" content=\"https:\/\/asulf.org\/wp-content\/uploads\/2023\/06\/Capture-decran-le-2023-06-28-a-19.33.06.png\" \/>\n\t<meta property=\"og:image:width\" content=\"1400\" \/>\n\t<meta property=\"og:image:height\" content=\"2000\" \/>\n\t<meta property=\"og:image:type\" content=\"image\/png\" \/>\n<meta name=\"twitter:card\" content=\"summary_large_image\" \/>\n<meta name=\"twitter:label1\" content=\"Dur\u00e9e de lecture estim\u00e9e\" \/>\n\t<meta name=\"twitter:data1\" content=\"1 minute\" \/>\n<script type=\"application\/ld+json\" class=\"yoast-schema-graph\">{\"@context\":\"https:\\\/\\\/schema.org\",\"@graph\":[{\"@type\":\"WebPage\",\"@id\":\"https:\\\/\\\/asulf.org\\\/repertoires-correctifs\\\/\",\"url\":\"https:\\\/\\\/asulf.org\\\/repertoires-correctifs\\\/\",\"name\":\"Listes correctives -\",\"isPartOf\":{\"@id\":\"https:\\\/\\\/asulf.org\\\/#website\"},\"primaryImageOfPage\":{\"@id\":\"https:\\\/\\\/asulf.org\\\/repertoires-correctifs\\\/#primaryimage\"},\"image\":{\"@id\":\"https:\\\/\\\/asulf.org\\\/repertoires-correctifs\\\/#primaryimage\"},\"thumbnailUrl\":\"https:\\\/\\\/asulf.org\\\/wp-content\\\/uploads\\\/2023\\\/06\\\/Capture-decran-le-2023-06-28-a-19.33.06-721x1030.png\",\"datePublished\":\"2021-04-08T14:35:43+00:00\",\"dateModified\":\"2026-04-16T13:12:33+00:00\",\"breadcrumb\":{\"@id\":\"https:\\\/\\\/asulf.org\\\/repertoires-correctifs\\\/#breadcrumb\"},\"inLanguage\":\"fr-FR\",\"potentialAction\":[{\"@type\":\"ReadAction\",\"target\":[\"https:\\\/\\\/asulf.org\\\/repertoires-correctifs\\\/\"]}]},{\"@type\":\"ImageObject\",\"inLanguage\":\"fr-FR\",\"@id\":\"https:\\\/\\\/asulf.org\\\/repertoires-correctifs\\\/#primaryimage\",\"url\":\"https:\\\/\\\/asulf.org\\\/wp-content\\\/uploads\\\/2023\\\/06\\\/Capture-decran-le-2023-06-28-a-19.33.06.png\",\"contentUrl\":\"https:\\\/\\\/asulf.org\\\/wp-content\\\/uploads\\\/2023\\\/06\\\/Capture-decran-le-2023-06-28-a-19.33.06.png\",\"width\":1400,\"height\":2000},{\"@type\":\"BreadcrumbList\",\"@id\":\"https:\\\/\\\/asulf.org\\\/repertoires-correctifs\\\/#breadcrumb\",\"itemListElement\":[{\"@type\":\"ListItem\",\"position\":1,\"name\":\"Accueil\",\"item\":\"https:\\\/\\\/asulf.org\\\/\"},{\"@type\":\"ListItem\",\"position\":2,\"name\":\"Listes correctives\"}]},{\"@type\":\"WebSite\",\"@id\":\"https:\\\/\\\/asulf.org\\\/#website\",\"url\":\"https:\\\/\\\/asulf.org\\\/\",\"name\":\"\",\"description\":\"Association pour le soutien et l\u2019usage de la langue fran\u00e7aise\",\"publisher\":{\"@id\":\"https:\\\/\\\/asulf.org\\\/#organization\"},\"potentialAction\":[{\"@type\":\"SearchAction\",\"target\":{\"@type\":\"EntryPoint\",\"urlTemplate\":\"https:\\\/\\\/asulf.org\\\/?s={search_term_string}\"},\"query-input\":{\"@type\":\"PropertyValueSpecification\",\"valueRequired\":true,\"valueName\":\"search_term_string\"}}],\"inLanguage\":\"fr-FR\"},{\"@type\":\"Organization\",\"@id\":\"https:\\\/\\\/asulf.org\\\/#organization\",\"name\":\"ASULF\",\"url\":\"https:\\\/\\\/asulf.org\\\/\",\"logo\":{\"@type\":\"ImageObject\",\"inLanguage\":\"fr-FR\",\"@id\":\"https:\\\/\\\/asulf.org\\\/#\\\/schema\\\/logo\\\/image\\\/\",\"url\":\"https:\\\/\\\/asulf.org\\\/wp-content\\\/uploads\\\/2021\\\/03\\\/cropped-asulf-logo-png-2.png\",\"contentUrl\":\"https:\\\/\\\/asulf.org\\\/wp-content\\\/uploads\\\/2021\\\/03\\\/cropped-asulf-logo-png-2.png\",\"width\":2068,\"height\":1086,\"caption\":\"ASULF\"},\"image\":{\"@id\":\"https:\\\/\\\/asulf.org\\\/#\\\/schema\\\/logo\\\/image\\\/\"},\"sameAs\":[\"https:\\\/\\\/www.facebook.com\\\/Association-pour-le-soutien-et-lusage-de-la-langue-fran\u00e7aise-ASULF-1702235186671805\"]}]}<\/script>\n<!-- \/ Yoast SEO plugin. -->","yoast_head_json":{"title":"Listes correctives -","robots":{"index":"index","follow":"follow","max-snippet":"max-snippet:-1","max-image-preview":"max-image-preview:large","max-video-preview":"max-video-preview:-1"},"canonical":"https:\/\/asulf.org\/repertoires-correctifs\/","og_locale":"fr_FR","og_type":"article","og_title":"Listes correctives -","og_description":"Asulf &#8211; Mieux dire au t\u00e9l\u00e9phone Auclair, Robert &#8212;&#8211; D\u00e9viation Auclair, Robert &#8212;&#8211; Fautes de la convention collective des journalistes de La Presse (2019, 6 pages) Auclair, Robert &#8212;&#8211; Anglicismes de 4 conventions collectives du domaine de la construction (2020, 2 pages) Auclair, Robert &#8212;&#8211; 60 fautes d&rsquo;une conv. coll. (Techniciens. ambulanciers) (2021) Delisle, Yvon...","og_url":"https:\/\/asulf.org\/repertoires-correctifs\/","article_publisher":"https:\/\/www.facebook.com\/Association-pour-le-soutien-et-lusage-de-la-langue-fran%c3%a7aise-ASULF-1702235186671805","article_modified_time":"2026-04-16T13:12:33+00:00","og_image":[{"width":1400,"height":2000,"url":"https:\/\/asulf.org\/wp-content\/uploads\/2023\/06\/Capture-decran-le-2023-06-28-a-19.33.06.png","type":"image\/png"}],"twitter_card":"summary_large_image","twitter_misc":{"Dur\u00e9e de lecture estim\u00e9e":"1 minute"},"schema":{"@context":"https:\/\/schema.org","@graph":[{"@type":"WebPage","@id":"https:\/\/asulf.org\/repertoires-correctifs\/","url":"https:\/\/asulf.org\/repertoires-correctifs\/","name":"Listes correctives -","isPartOf":{"@id":"https:\/\/asulf.org\/#website"},"primaryImageOfPage":{"@id":"https:\/\/asulf.org\/repertoires-correctifs\/#primaryimage"},"image":{"@id":"https:\/\/asulf.org\/repertoires-correctifs\/#primaryimage"},"thumbnailUrl":"https:\/\/asulf.org\/wp-content\/uploads\/2023\/06\/Capture-decran-le-2023-06-28-a-19.33.06-721x1030.png","datePublished":"2021-04-08T14:35:43+00:00","dateModified":"2026-04-16T13:12:33+00:00","breadcrumb":{"@id":"https:\/\/asulf.org\/repertoires-correctifs\/#breadcrumb"},"inLanguage":"fr-FR","potentialAction":[{"@type":"ReadAction","target":["https:\/\/asulf.org\/repertoires-correctifs\/"]}]},{"@type":"ImageObject","inLanguage":"fr-FR","@id":"https:\/\/asulf.org\/repertoires-correctifs\/#primaryimage","url":"https:\/\/asulf.org\/wp-content\/uploads\/2023\/06\/Capture-decran-le-2023-06-28-a-19.33.06.png","contentUrl":"https:\/\/asulf.org\/wp-content\/uploads\/2023\/06\/Capture-decran-le-2023-06-28-a-19.33.06.png","width":1400,"height":2000},{"@type":"BreadcrumbList","@id":"https:\/\/asulf.org\/repertoires-correctifs\/#breadcrumb","itemListElement":[{"@type":"ListItem","position":1,"name":"Accueil","item":"https:\/\/asulf.org\/"},{"@type":"ListItem","position":2,"name":"Listes correctives"}]},{"@type":"WebSite","@id":"https:\/\/asulf.org\/#website","url":"https:\/\/asulf.org\/","name":"","description":"Association pour le soutien et l\u2019usage de la langue fran\u00e7aise","publisher":{"@id":"https:\/\/asulf.org\/#organization"},"potentialAction":[{"@type":"SearchAction","target":{"@type":"EntryPoint","urlTemplate":"https:\/\/asulf.org\/?s={search_term_string}"},"query-input":{"@type":"PropertyValueSpecification","valueRequired":true,"valueName":"search_term_string"}}],"inLanguage":"fr-FR"},{"@type":"Organization","@id":"https:\/\/asulf.org\/#organization","name":"ASULF","url":"https:\/\/asulf.org\/","logo":{"@type":"ImageObject","inLanguage":"fr-FR","@id":"https:\/\/asulf.org\/#\/schema\/logo\/image\/","url":"https:\/\/asulf.org\/wp-content\/uploads\/2021\/03\/cropped-asulf-logo-png-2.png","contentUrl":"https:\/\/asulf.org\/wp-content\/uploads\/2021\/03\/cropped-asulf-logo-png-2.png","width":2068,"height":1086,"caption":"ASULF"},"image":{"@id":"https:\/\/asulf.org\/#\/schema\/logo\/image\/"},"sameAs":["https:\/\/www.facebook.com\/Association-pour-le-soutien-et-lusage-de-la-langue-fran\u00e7aise-ASULF-1702235186671805"]}]}},"_links":{"self":[{"href":"https:\/\/asulf.org\/index.php?rest_route=\/wp\/v2\/pages\/7425","targetHints":{"allow":["GET"]}}],"collection":[{"href":"https:\/\/asulf.org\/index.php?rest_route=\/wp\/v2\/pages"}],"about":[{"href":"https:\/\/asulf.org\/index.php?rest_route=\/wp\/v2\/types\/page"}],"author":[{"embeddable":true,"href":"https:\/\/asulf.org\/index.php?rest_route=\/wp\/v2\/users\/12"}],"replies":[{"embeddable":true,"href":"https:\/\/asulf.org\/index.php?rest_route=%2Fwp%2Fv2%2Fcomments&post=7425"}],"version-history":[{"count":43,"href":"https:\/\/asulf.org\/index.php?rest_route=\/wp\/v2\/pages\/7425\/revisions"}],"predecessor-version":[{"id":12832,"href":"https:\/\/asulf.org\/index.php?rest_route=\/wp\/v2\/pages\/7425\/revisions\/12832"}],"wp:attachment":[{"href":"https:\/\/asulf.org\/index.php?rest_route=%2Fwp%2Fv2%2Fmedia&parent=7425"}],"curies":[{"name":"wp","href":"https:\/\/api.w.org\/{rel}","templated":true}]}}